e?
True
Is 29633111 prime?
True
Is 1595879 prime?
False
Is 49312421 composite?
False
Is 245639957 prime?
True
Is 4451783 prime?
False
Is 59694199 composite?
False
Is 480524995 prime?
False
Is 2952031 prime?
False
Is 17605109 composite?
False
Is 31903477 a prime number?
True
Is 785203 a prime number?
True
Is 274151681 a prime number?
True
Is 165082961 prime?
False
Is 7809793 composite?
False
Is 1857950423 a prime number?
False
Is 1897517 prime?
True
Is 2488033 a composite number?
True
Is 20094127 a prime number?
True
Is 514453 a prime number?
True
Is 217671215 composite?
True
Is 6586121 prime?
True
Is 83237891 a composite number?
True
Is 21151343 prime?
True
Is 21158731 a composite number?
True
Is 4670207 prime?
True
Is 717901 prime?
False
Is 100769 a composite number?
False
Is 2896483 prime?
True
Is 7872521 prime?
True
Is 4184753 prime?
False
Is 33142385 prime?
False
Is 27918247 prime?
False
Is 138884267 a prime number?
True
Is 3370453 a composite number?
True
Is 80328923 composite?
False
Is 66533741 a prime number?
True
Is 7671103 a composite number?
True
Is 165311 prime?
True
Is 3881903 a prime number?
False
Is 14044777 a prime number?
True
Is 5573734 a composite number?
True
Is 146011541 prime?
False
Is 12771649 a composite number?
True
Is 1396097 a prime number?
False
Is 1282813 a prime number?
False
Is 10981109 a prime number?
True
Is 16356787 composite?
True
Is 696019 a prime number?
True
Is 32797279 a prime number?
False
Is 700138279 a prime number?
True
Is 365200837 prime?
True
Is 57713141 prime?
False
Is 89162081 a composite number?
False
Is 12176579 composite?
False
Is 2212823 a prime number?
False
Is 4045501 prime?
True
Is 1457311 a composite number?
True
Is 50743985 a prime number?
False
Is 1961493 prime?
False
Is 82059497 a composite number?
True
Is 848671 a prime number?
True
Is 11895551 composite?
False
Is 57913091 a prime number?
True
Is 93030209 a composite number?
False
Is 26004923 a prime number?
False
Is 158095439 a composite number?
False
Is 584413 a composite number?
True
Is 729349 a prime number?
False
Is 3579071 a composite number?
False
Is 1155899 a composite number?
False
Is 1911347 prime?
True
Is 4028243 prime?
False
Is 16153405 composite?
True
Is 3989873 prime?
False
Is 461612063 a prime number?
False
Is 781128097 a prime number?
True
Is 118473703 a composite number?
False
Is 28153369 a prime number?
False
Is 251841041 a composite number?
False
Is 15212185 a prime number?
False
Is 111550469 composite?
True
Is 11199839 a prime number?
False
Is 1615919 composite?
False
Is 3489457 a prime number?
True
Is 5681293 a composite number?
False
Is 494191 prime?
True
Is 2159351 prime?
True
Is 577697 prime?
False
Is 44954891 prime?
False
Is 1025841 prime?
False
Is 3143765 a composite number?
True
Is 965551 a prime number?
True
Is 172615033 a prime number?
True
Is 11827249 a composite number?
True
Is 300362741 a composite number?
True
Is 9577019 a prime number?
True
Is 886884211 a composite number?
False
Is 1526369 a composite number?
True
Is 640637 prime?
False
Is 7381601 a composite number?
False
Is 2347823 composite?
False
Is 64427227 a prime number?
False
Is 30997415 composite?
True
Is 8399837 a composite number?
False
Is 358562863 a composite number?
True
Is 3051233 a composite number?
False
Is 89531579 a prime number?
True
Is 44588419 a prime number?
True
Is 496004297 composite?
False
Is 161067611 a composite number?
False
Is 36159203 composite?
True
Is 3613117 a composite number?
True
Is 277919 prime?
True
Is 1277741 composite?
False
Is 9478117 prime?
False
Is 12038993 a prime number?
True
Is 3094899 composite?
True
Is 79938337 a prime number?
True
Is 15522019 a composite number?
True
Is 268741277 a composite number?
True
Is 63350962 a composite number?
True
Is 780483531 a prime number?
False
Is 4379807 prime?
False
Is 527737057 prime?
True
Is 10879646 a composite number?
True
Is 206062711 a composite number?
True
Is 730716359 composite?
False
Is 22054111 a prime number?
False
Is 1888907 a composite number?
False
Is 131001329 a composite number?
True
Is 23390897 a composite number?
False
Is 23635091 prime?
True
Is 895281505 a composite number?
True
Is 19084315 prime?
False
Is 2255713 a composite number?
True
Is 3996593 composite?
True
Is 2135059 a prime number?
False
Is 214382829 composite?
True
Is 2384963 prime?
False
Is 148774502 a composite number?
True
Is 333807 a prime number?
False
Is 3344921 prime?
True
Is 117831731 a composite number?
False
Is 77573911 a prime number?
True
Is 14696849 prime?
True
Is 6089353 a composite number?
True
Is 10003181 prime?
True
Is 212927549 prime?
False
Is 19895998 a composite number?
True
Is 24605335 prime?
False
Is 267612469 a prime number?
True
Is 11729857 a composite number?
False
Is 8530733 composite?
False
Is 258551171 a composite number?
True
Is 6077371 a composite number?
False
Is 16909661 prime?
False
Is 23636107 a composite number?
True
Is 27286723 a prime number?
False
Is 22539827 prime?
False
Is 1768237 prime?
False
Is 5509267 composite?
False
Is 704549 a composite number?
False
Is 769021 composite?
True
Is 16106323 composite?
False
Is 7125981 composite?
True
Is 87600883 a composite number?
False
Is 6964771 composite?
True
Is 4303631 a prime number?
True
Is 26135129 composite?
False
Is 186577581 prime?
False
Is 11541467 a prime number?
False
Is 29025791 prime?
True
Is 61038331 prime?
True
Is 240395123 prime?
False
Is 276124501 composite?
False
Is 121461467 a composite number?
True
Is 57359473 prime?
True
Is 3055813 prime?
False
Is 44088919 prime?
False
Is 25136851 a composite number?
False
Is 917639 composite?
True
Is 60562507 a prime number?
True
Is 458566179 composite?
True
Is 7124171 a prime number?
True
Is 1772053 prime?
False
Is 64582165 prime?
False
Is 101891249 a composite number?
False
Is 110557 prime?
True
Is 10161357 a prime number?
False
Is 930377 prime?
False
Is 84031193 composite?
True
Is 2744219 a prime number?
False
Is 36666727 a prime number?
True
Is 1792309 a prime number?
True
Is 302600591 composite?
False
Is 520447 a prime number?
True
Is 284810335 prime?
False
Is 9579977 a composite number?
True
Is 11590351 composite?
False
Is 17138351 prime?
False
Is 1394737 prime?
True
Is 116452321 a composite number?
True
Is 11014495 prime?
False
Is 60779021 prime?
False
Is 1236338509 prime?
False
Is 194149927 composite?
True
Is 168517315 prime?
False
Is 8543443 prime?
True
Is 35303123 composite?
False
Is 108537941 prime?
True
Is 9250273 a composite number?
False
Is 10715879 a prime number?
False
Is 1928833 a composite number?
True
Is 812710289 composite?
False
Is 6817429 prime?
True
Is 166362361 prime?
False
Is 2399461 prime?
True
Is 23501507 composite?
False
Is 39480317 prime?
True
Is 4522547 a composite number?
True
Is 164818763 a composite number?
True
Is 10188973 prime?
True
Is 122397883 composite?
False
Is 39140899 prime?
False
Is 1035131 a prime number?
True
Is 173918735 composite?
True
Is 22852021 a prime number?
True
Is 607973 composite?
True
Is 34549597 prime?
False
Is 1781249 prime?
False
Is 251241217 prime?
False
Is 3328147 a prime number?
False
Is 215793521 composite?
True
Is 120462113 a composite number?
True
Is 65808283 a prime number?
True
Is 1284691 prime?
True
Is 11107181 prime?
False
Is 3447389 composite?
True
Is 18897023 composite?
True
Is 444781 prime?
False
Is 164039947 a composite number?
False
Is 75105907 a composite number?
True
Is 31174511 composite?
False
Is 10326013 a composite number?
False
Is 757393559 prime?
False
Is 75152003 prime?
False
Is 234552323 a prime number?
False
Is 6376121 composite?
False
Is 27006377 prime?
True
Is 1046873 a prime number?
False
Is 75383939 prime?
False
Is 752231 prime?
False
Is 138941797 composite?
False
Is 8376751 a prime number?
False
Is 28588709 a composite number?
False
Is 8543114 prime?
False
Is 5761681 prime?
False
Is 2446139 a composite number?
False
Is 2421353 a composite number?
True
Is 18565457 composite?
False
Is 1987501 a composite number?
False
Is 409573 composite?
False
Is 264711 a prime number?
False
Is 4105697 a prime number?
False
Is 1354361 composite?
False
Is 474565453 composite?
True
Is 672521 prime?
True
Is 852545819 composite?
False
Is 1671961 a composite number?
False
Is 50359 prime